0 - 101?
-10101001010110100001
In base 16, what is bd0ae1a - 2?
bd0ae18
In base 10, what is -1 - -76474805?
76474804
In base 8, what is 25 + -350144?
-350117
In base 2, what is -11101 - -10111010001100110?
10111010001001001
In base 5, what is 10322443201 - -1?
10322443202
In base 13, what is 840b1800 + -5?
840b17c8
In base 11, what is 178566 + 30?
178596
In base 11, what is 4a0443 + -7?
4a0437
In base 2, what is 110010011010100111010001 + 11?
110010011010100111010100
In base 8, what is -1151 - -142245?
141074
In base 11, what is 1 + -38127a36?
-38127a35
In base 10, what is -160262 + -15?
-160277
In base 13, what is -157 - 33485?
-3360c
In base 3, what is 2 + 100212010100022?
100212010100101
In base 12, what is -1906aa + -9?
-1906b7
In base 11, what is -14038 - -1805?
-12333
In base 15, what is 81 - 3350b?
-3347a
In base 16, what is fc518 - -1a?
fc532
In base 12, what is 2 - -10971376?
10971378
In base 12, what is -7 + 5b0a69?
5b0a62
In base 8, what is 416045 + -65?
415760
In base 13, what is -4 - -44a06786?
44a06782
In base 4, what is -212100011 - -2030?
-212031321
In base 4, what is -2310 + -13203?
-22113
In base 14, what is 5 - 12da6b7?
-12da6b2
In base 14, what is 310aa751 - 0?
310aa751
In base 3, what is -21112 + -10001110001?
-10001201120
In base 8, what is -554061427 + -2?
-554061431
In base 15, what is 3087 + 310?
3397
In base 15, what is 15 - 13d803?
-13d7dd
In base 16, what is 144 - 380?
-23c
In base 3, what is 12 + 102120012101210220?
102120012101211002
In base 16, what is 8c5b79 - -2?
8c5b7b
In base 11, what is -4a286aa + -2?
-4a28701
In base 6, what is -1 + -2544102152?
-2544102153
In base 14, what is 1411c - -8db?
14a19
In base 16, what is -355f6b8 - 3?
-355f6bb
In base 13, what is -54 + 134c6c0?
134c669
In base 2, what is 101 - 1000110110101011100001?
-1000110110101011011100
In base 13, what is 2b23107 - 1?
2b23106
In base 11, what is 1 + 55477a?
554780
In base 14, what is 1330 - c9d?
471
In base 13, what is -8c25589 + -11?
-8c2559a
In base 8, what is 112002374 - -4?
112002400
In base 14, what is 32763a + 5?
327641
In base 6, what is 21033 - 532024?
-510551
In base 3, what is 2212220201 + -2100000?
2210120201
In base 14, what is 75a63c - 3?
75a639
In base 14, what is -2321 + 4d7?
-1c28
In base 9, what is 1835507 - 2?
1835505
In base 3, what is 12210120111 - 1120211?
12201222200
In base 6, what is 15310 - 125151?
-105441
In base 16, what is -53f1 + 939?
-4ab8
In base 16, what is 21958d + a?
219597
In base 15, what is -6919aa - 3?
-6919ad
In base 4, what is -201 + -1223022?
-1223223
In base 8, what is 10237 - 2242?
5775
In base 14, what is -d5b2946 + -2?
-d5b2948
In base 15, what is -1d11 - -192a4?
17493
In base 13, what is 914c1 - 25?
91499
In base 6, what is 3 - 22104150403?
-22104150400
In base 6, what is 301 + -4155115?
-4154414
In base 10, what is 5503 - 90297?
-84794
In base 2, what is -10000011011101100011 + 10111?
-10000011011101001100
In base 16, what is -7d + 1c094?
1c017
In base 11, what is -67 - -220590?
220524
In base 7, what is -13506610 + 321?
-13506256
In base 5, what is 223 - -12340203?
12340431
In base 16, what is 1d4d25 + d?
1d4d32
In base 15, what is 1a547 - -ab2?
1b109
In base 14, what is -2a + -2a24694?
-2a246c0
In base 13, what is 845505 - -5?
84550a
In base 6, what is -2453402 + -413?
-2454215
In base 2, what is 10000 - -11000000101000111111010?
11000000101001000001010
In base 14, what is 5 + 631abac?
631abb3
In base 9, what is 218704 + 1688?
221503
In base 13, what is -1 + -35bab1?
-35bab2
In base 15, what is -7d + -5dd3?
-5e61
In base 12, what is -9 - -2004850?
2004843
In base 8, what is -51 - -11543221?
11543150
In base 8, what is 33676317 + -4?
33676313
In base 6, what is -11554 + 4044?
-3510
In base 11, what is 4268 + -4884a?
-44592
In base 10, what is -167663 + -94?
-167757
In base 15, what is -42b22 - 9d?
-42bc0
In base 2, what is -1011010000011111010 + -1010110110?
-1011010001110110000
In base 13, what is -338311 - 4c?
-338360
In base 9, what is -1358274 - -62?
-1358212
In base 9, what is 40328653 - 7?
40328645
In base 4, what is -11023020 + -12?
-11023032
In base 14, what is -a + 132d28?
132d1c
In base 3, what is -2202210110011 + -100120?
-2202210210201
In base 11, what is 46950 - -1660?
48500
In base 3, what is -22000 - 101211220022?
-101212012022
In base 10, what is -3302670 - -55?
-3302615
In base 15, what is -4 - -14094505?
14094501
In base 12, what is -2554 - -1583?
-b91
In base 10, what is 40423060 + -26?
40423034
In base 5, what is -2031103 + -1112?
-2032220
In base 3, what is 220210200 - -10011?
220220211
In base 12, what is 5 + -109497a?
-1094975
In base 2, what is -1100011011110 - -101111111110101?
100011100010111
In base 8, what is -252 + -352237?
-352511
In base 4, what is -11 + -100030232201?
-100030232212
In base 16, what is -21cc - d3e?
-2f0a
In base 16, what is 4265 + -47?
421e
In base 5, what is -3343 - -1024344?
1021001
In base 11, what is -1a2 + -335002?
-3351a4
In base 15, what is -15273c6 + -14?
-15273da
In base 4, what is 1213320123 - 113?
1213320010
In base 9, what is -2822565 + -12?
-2822577
In base 9, what is -24 - 28702?
-28726
In base 10, what is -19 - 5233907?
-5233926
In base 9, what is 0 + -2476716?
-2476716
In base 15, what is 15778 + 38?
157b1
In base 12, what is -5310 + -400a?
-931a
In base 10, what is -5370872 - 4?
-5370876
In base 15, what is -8494 - d13?
-92a7
In base 6, what is -23032042002 + 4?
-23032041554
In base 12, what is 5808b02 - -1b?
5808b21
In base 10, what is -3 + 133762722?
133762719
In base 3, what is 1201121200220 - 0?
1201121200220
In base 8, what is 31 + 6032662?
6032713
In base 10, what is 251058864 + -3?
251058861
In base 6, what is 5 + -404334501?
-404334452
In base 10, what is -132093382 + 3?
-132093379
In base 10, what is -1 + 378105885?
378105884
In base 6, what is 13022 - -5150?
22212
In base 10, what is -94 - 4810318?
-4810412
In base 2, what is -11 + -101101011001000011001101?
-101101011001000011010000
In base 12, what is -a7 + -230742?
-230829
In base 14, what is 7a151 - 53?
7a0dc
In base 8, what is 60037756 - 11?
60037745
In base 10, what is 337 + 236976?
237313
In base 6, what is -515311 + 131541?
-343330
In base 3, what is 21100111222 + 220?
21100112212
In base 15, what is 2054 + -1c3a?
319
In base 11, what is 6319 + 214a1?
2780a
In base 9, what is -34681773 + 1?
-34681772
In base 6, what is 43500412202 - -4?
43500412210
In base 7, what is -1512523 + 400?
-1512123
In base 14, what is -1cd - -182706?
182517
In base 2, what is 110010011001 + -11010110111110100?
-11010000101011011
In base 9, what is 24 + 21134032?
21134056
In base 16, what is -3 + -4d1c7?
-4d1ca
In base 6, what is -13125 + -343113?
-400242
In base 2, what is -101 - -10001011110110010111111?
10001011110110010111010
In base 12, what is -8879 + -14a80?
-21739
In base 13, what is -44840 - -1a?
-44823
In base 11, what is 14439132 - 3?
1443912a
In base 10, what is 0 + -1101115?
-1101115
In base 9, what is -337148 - 117?
-337266
In base 11, what is 288311 - 5a?
288262
In base 10, what is 26916 + -60?
26856
In base 14, what is -213a - -1d01?
-239
In base 11, what is -25577a6 - -224?
-2557582
In base 4, what is 231313120 - 11122?
231301332
In base 5, what is -1244102144102 - 3?
-1244102144110
In base 11, what is -5 + -1002a509?
-1002a513
In base 16, what is -503ae + 49?
-50365
In base 10, what is 2668 + 879?
3547
In base 12, what is 0 + -937580?
-937580
In base 7, what is -1415 + -1003433?
-1005151
In base 8, what is -257243 + 4721?
-252322
In base 16, what is -7e - 5a280?
-5a2fe
In base 12, what is 4 - -1853b07?
1853b0b
In base 6, what is -11343 + -223430?
-235213
In base 7, what is -243160 - -20141?
-223016
In base 9, what is -6 - -33057552?
33057545
In base 6, what is 2 + -5141245?
-5141243
In base 7, what is -3 - 1206435?
-1206441
In base 2, what is -100010010001111101000011101 + 1?
-100010010001111101000011100
In base 13, what is -67264 - -809?
-66758
In base 5, what is 32201 - -100430323?
101013024
In base 15, what is 7b41d - -138?
7b556
In base 13, what is -346 + -35140?
-35486
In base 10, what is -99 + -2239518?
-2239617
In base 3, what is -201 + 110220211022211?
110220211022010
In base 13, what is -547a - 5879?
-b026
In base 15, what is -599 - d41?
-13da
In base 13,